{"id":2,"date":"2023-11-22T13:35:44","date_gmt":"2023-11-22T12:35:44","guid":{"rendered":"https:\/\/www.hidroland.hu\/?page_id=2"},"modified":"2025-08-05T13:16:37","modified_gmt":"2025-08-05T11:16:37","slug":"hidroland","status":"publish","type":"page","link":"https:\/\/www.hidroland.hu\/","title":{"rendered":"Kezd\u0151lap"},"content":{"rendered":"\t\t<div data-elementor-type=\"wp-page\" data-elementor-id=\"2\" class=\"elementor elementor-2\">\n\t\t\t\t<div class=\"elementor-element elementor-element-794d3b03 e-flex e-con-boxed e-con e-parent\" data-id=\"794d3b03\" data-element_type=\"container\">\n\t\t\t\t\t<div class=\"e-con-inner\">\n\t\t\t\t<div class=\"elementor-element elementor-element-2f5d8ad2 elementor-widget elementor-widget-text-editor\" data-id=\"2f5d8ad2\" data-element_type=\"widget\" data-widget_type=\"text-editor.default\">\n\t\t\t\t<div class=\"elementor-widget-container\">\n\t\t\t\t\t\t\t\t\t<p>Hidro-Land Bt. 1990-ben alakult \u00e9s az\u00f3ta elk\u00f6telezett h\u00edve, hogy biztos\u00edtsa \u00fcgyfeleinek a folyamatos fejl\u0151d\u00e9st \u00e9s a piaci r\u00e9szesed\u00e9s m\u00e9rt\u00e9k\u00e9nek n\u00f6veked\u00e9s\u00e9t. Hidraulikus \u00e9s pneumatikus alkatr\u00e9szek forgalmaz\u00e1s\u00e1val is foglalkozunk. Tev\u00e9kenys\u00e9gi k\u00f6r\u00fcnkbe tartozik m\u00e9g a gy\u00e1rt\u00f3sorok \u00e9s mobil hidraulikus g\u00e9pek jav\u00edt\u00e1sa nem csak Gy\u0151r-Moson-Sopron v\u00e1rmegy\u00e9ben, de nyugat-dun\u00e1nt\u00fali r\u00e9gi\u00f3ban egyar\u00e1nt.<\/p>\n<p><\/p>\t\t\t\t\t\t\t\t<\/div>\n\t\t\t\t<\/div>\n\t\t\t\t\t<\/div>\n\t\t\t\t<\/div>\n\t\t<div class=\"elementor-element elementor-element-f330146 e-flex e-con-boxed e-con e-parent\" data-id=\"f330146\" data-element_type=\"container\">\n\t\t\t\t\t<div class=\"e-con-inner\">\n\t\t\t\t<div class=\"elementor-element elementor-element-c3a0f95 elementor-tabs-view-horizontal elementor-invisible elementor-widget elementor-widget-tabs\" data-id=\"c3a0f95\" data-element_type=\"widget\" data-settings=\"{&quot;_animation&quot;:&quot;fadeInLeft&quot;}\" data-widget_type=\"tabs.default\">\n\t\t\t\t<div class=\"elementor-widget-container\">\n\t\t\t\t\t\t\t<div class=\"elementor-tabs\">\n\t\t\t<div class=\"elementor-tabs-wrapper\" role=\"tablist\" >\n\t\t\t\t\t\t\t\t\t<div id=\"elementor-tab-title-2051\" class=\"elementor-tab-title elementor-tab-desktop-title\" aria-selected=\"true\" data-tab=\"1\" role=\"tab\" tabindex=\"0\" aria-controls=\"elementor-tab-content-2051\" aria-expanded=\"false\">Kereskedelem<\/div>\n\t\t\t\t\t\t\t\t\t<div id=\"elementor-tab-title-2052\" class=\"elementor-tab-title elementor-tab-desktop-title\" aria-selected=\"false\" data-tab=\"2\" role=\"tab\" tabindex=\"-1\" aria-controls=\"elementor-tab-content-2052\" aria-expanded=\"false\">Szerv\u00edz<\/div>\n\t\t\t\t\t\t\t<\/div>\n\t\t\t<div class=\"elementor-tabs-content-wrapper\" role=\"tablist\" aria-orientation=\"vertical\">\n\t\t\t\t\t\t\t\t\t<div class=\"elementor-tab-title elementor-tab-mobile-title\" aria-selected=\"true\" data-tab=\"1\" role=\"tab\" tabindex=\"0\" aria-controls=\"elementor-tab-content-2051\" aria-expanded=\"false\">Kereskedelem<\/div>\n\t\t\t\t\t<div id=\"elementor-tab-content-2051\" class=\"elementor-tab-content elementor-clearfix\" data-tab=\"1\" role=\"tabpanel\" aria-labelledby=\"elementor-tab-title-2051\" tabindex=\"0\" hidden=\"false\"><p><img decoding=\"async\" class=\"wp-image-36 aligncenter\" src=\"https:\/\/www.hidroland.hu\/wp-content\/uploads\/2023\/11\/kereskedelem-300x209.png\" alt=\"\" width=\"91\" height=\"63\" srcset=\"https:\/\/www.hidroland.hu\/wp-content\/uploads\/2023\/11\/kereskedelem-300x209.png 300w, https:\/\/www.hidroland.hu\/wp-content\/uploads\/2023\/11\/kereskedelem-1024x713.png 1024w, https:\/\/www.hidroland.hu\/wp-content\/uploads\/2023\/11\/kereskedelem-768x535.png 768w, https:\/\/www.hidroland.hu\/wp-content\/uploads\/2023\/11\/kereskedelem-287x200.png 287w, https:\/\/www.hidroland.hu\/wp-content\/uploads\/2023\/11\/kereskedelem.png 1108w\" sizes=\"(max-width: 91px) 100vw, 91px\" \/><\/p>\n<p>Kiv\u00e1l\u00f3 min\u0151s\u00e9g\u0171, Parker m\u00e1rk\u00e1j\u00fa hidraulikus \u00e9s pneumatikus alkatr\u00e9szek teljes vertikum\u00e1t k\u00edn\u00e1ljuk. Forgalmazunk ezeken fel\u00fcl m\u00e9g hidraulikus teszt \u00e9s diagnosztikai eszk\u00f6z\u00f6ket, k\u00fcl\u00f6nb\u00f6z\u0151 biztons\u00e1gi t\u00f6ml\u0151roppant\u00f3 rendszereket a hidraulika t\u00f6ml\u0151k konfekcion\u00e1l\u00e1shoz. A hagyom\u00e1nyos SN hidraulika t\u00f6ml\u0151ket folyamatosan v\u00e1ltjuk ki \u00faj t\u00edpus\u00fa SC t\u00f6ml\u0151kre. Ezen t\u00f6ml\u0151k magasabb min\u0151s\u00e9g\u0171ek, amik jav\u00edtj\u00e1k versenyk\u00e9pess\u00e9g\u00fcnket.<\/p><\/div>\n\t\t\t\t\t\t\t\t\t<div class=\"elementor-tab-title elementor-tab-mobile-title\" aria-selected=\"false\" data-tab=\"2\" role=\"tab\" tabindex=\"-1\" aria-controls=\"elementor-tab-content-2052\" aria-expanded=\"false\">Szerv\u00edz<\/div>\n\t\t\t\t\t<div id=\"elementor-tab-content-2052\" class=\"elementor-tab-content elementor-clearfix\" data-tab=\"2\" role=\"tabpanel\" aria-labelledby=\"elementor-tab-title-2052\" tabindex=\"0\" hidden=\"hidden\"><p><img decoding=\"async\" class=\"wp-image-54 aligncenter\" src=\"https:\/\/www.hidroland.hu\/wp-content\/uploads\/2023\/11\/szerviz-300x281.png\" alt=\"\" width=\"91\" height=\"85\" srcset=\"https:\/\/www.hidroland.hu\/wp-content\/uploads\/2023\/11\/szerviz-300x281.png 300w, https:\/\/www.hidroland.hu\/wp-content\/uploads\/2023\/11\/szerviz-768x720.png 768w, https:\/\/www.hidroland.hu\/wp-content\/uploads\/2023\/11\/szerviz-213x200.png 213w, https:\/\/www.hidroland.hu\/wp-content\/uploads\/2023\/11\/szerviz.png 780w\" sizes=\"(max-width: 91px) 100vw, 91px\" \/><\/p>\n<p>Elv\u00e9gezz\u00fck hidraulikus \u00e9s pneumatikus g\u00e9pek diagnosztikai m\u00e9r\u00e9ssel t\u00e1mogatott jav\u00edt\u00e1s\u00e1t, technol\u00f3giai szerel\u00e9s\u00e9t, g\u00e9pek hidraulikus rendszereinek ki\u00e9p\u00edt\u00e9s\u00e9t.\u00a0<\/p><\/div>\n\t\t\t\t\t\t\t<\/div>\n\t\t<\/div>\n\t\t\t\t\t\t<\/div>\n\t\t\t\t<\/div>\n\t\t\t\t\t<\/div>\n\t\t\t\t<\/div>\n\t\t<div class=\"elementor-element elementor-element-35b2c95 e-con-full e-flex e-con e-parent\" data-id=\"35b2c95\" data-element_type=\"container\">\n\t\t\t\t<div class=\"elementor-element elementor-element-5f09f88 elementor-widget-divider--view-line elementor-widget elementor-widget-divider\" data-id=\"5f09f88\" data-element_type=\"widget\" data-widget_type=\"divider.default\">\n\t\t\t\t<div class=\"elementor-widget-container\">\n\t\t\t\t\t\t\t<div class=\"elementor-divider\">\n\t\t\t<span class=\"elementor-divider-separator\">\n\t\t\t\t\t\t<\/span>\n\t\t<\/div>\n\t\t\t\t\t\t<\/div>\n\t\t\t\t<\/div>\n\t\t\t\t<\/div>\n\t\t<div class=\"elementor-element elementor-element-05edcd2 e-flex e-con-boxed e-con e-parent\" data-id=\"05edcd2\" data-element_type=\"container\" data-settings=\"{&quot;background_background&quot;:&quot;slideshow&quot;,&quot;background_slideshow_gallery&quot;:[],&quot;background_slideshow_loop&quot;:&quot;yes&quot;,&quot;background_slideshow_slide_duration&quot;:5000,&quot;background_slideshow_slide_transition&quot;:&quot;fade&quot;,&quot;background_slideshow_transition_duration&quot;:500}\">\n\t\t\t\t\t<div class=\"e-con-inner\">\n\t\t\t\t<div class=\"elementor-element elementor-element-4269022 elementor-invisible elementor-widget elementor-widget-wpforms\" data-id=\"4269022\" data-element_type=\"widget\" data-settings=\"{&quot;_animation&quot;:&quot;zoomIn&quot;}\" data-widget_type=\"wpforms.default\">\n\t\t\t\t<div class=\"elementor-widget-container\">\n\t\t\t\t\t<style id=\"wpforms-css-vars-elementor-widget-4269022\">\n\t\t\t\t.elementor-widget-wpforms.elementor-element-4269022 {\n\t\t\t\t--wpforms-field-size-input-height: 43px;\n--wpforms-field-size-input-spacing: 15px;\n--wpforms-field-size-font-size: 16px;\n--wpforms-field-size-line-height: 19px;\n--wpforms-field-size-padding-h: 14px;\n--wpforms-field-size-checkbox-size: 16px;\n--wpforms-field-size-sublabel-spacing: 5px;\n--wpforms-field-size-icon-size: 1;\n--wpforms-label-size-font-size: 16px;\n--wpforms-label-size-line-height: 19px;\n--wpforms-label-size-sublabel-font-size: 14px;\n--wpforms-label-size-sublabel-line-height: 17px;\n--wpforms-button-size-font-size: 17px;\n--wpforms-button-size-height: 41px;\n--wpforms-button-size-padding-h: 15px;\n--wpforms-button-size-margin-top: 10px;\n\n\t\t\t}\n\t\t\t<\/style><div class=\"wpforms-container wpforms-container-full wpforms-render-modern\" id=\"wpforms-60\"><form id=\"wpforms-form-60\" class=\"wpforms-validate wpforms-form wpforms-ajax-form\" data-formid=\"60\" method=\"post\" enctype=\"multipart\/form-data\" action=\"\/index.php?rest_route=%2Fwp%2Fv2%2Fpages%2F2\" data-token=\"dcb7911760f24656dab48821e1d8fc51\" data-token-time=\"1777736420\"><noscript class=\"wpforms-error-noscript\">Please enable JavaScript in your browser to complete this form.<\/noscript><div class=\"wpforms-hidden\" id=\"wpforms-error-noscript\">Please enable JavaScript in your browser to complete this form.<\/div><div class=\"wpforms-field-container\"><div id=\"wpforms-60-field_0-container\" class=\"wpforms-field wpforms-field-name\" data-field-id=\"0\"><label class=\"wpforms-field-label\" for=\"wpforms-60-field_0\">N\u00e9v <span class=\"wpforms-required-label\" aria-hidden=\"true\">*<\/span><\/label><input type=\"text\" id=\"wpforms-60-field_0\" class=\"wpforms-field-medium wpforms-field-required\" name=\"wpforms[fields][0]\" aria-errormessage=\"wpforms-60-field_0-error\" required><\/div><div id=\"wpforms-60-field_1-container\" class=\"wpforms-field wpforms-field-email\" data-field-id=\"1\"><label class=\"wpforms-field-label\" for=\"wpforms-60-field_1\">Email <span class=\"wpforms-required-label\" aria-hidden=\"true\">*<\/span><\/label><input type=\"email\" id=\"wpforms-60-field_1\" class=\"wpforms-field-medium wpforms-field-required\" name=\"wpforms[fields][1]\" spellcheck=\"false\" aria-errormessage=\"wpforms-60-field_1-error\" required><\/div><div id=\"wpforms-60-field_3-container\" class=\"wpforms-field wpforms-field-select wpforms-field-select-style-classic\" data-field-id=\"3\"><label class=\"wpforms-field-label\" for=\"wpforms-60-field_3\">Melyik szolg\u00e1ltat\u00e1ssal kapcsolatban keres minket?<\/label><select id=\"wpforms-60-field_3\" class=\"wpforms-field-medium\" name=\"wpforms[fields][3]\"><option value=\"Kereskedelem\" >Kereskedelem<\/option><option value=\"Szerv\u00edz\" >Szerv\u00edz<\/option><option value=\"HoseDoctor\" >HoseDoctor<\/option><\/select><\/div><div id=\"wpforms-60-field_2-container\" class=\"wpforms-field wpforms-field-textarea\" data-field-id=\"2\"><label class=\"wpforms-field-label\" for=\"wpforms-60-field_2\">Aj\u00e1nlatk\u00e9r\u00e9s t\u00e1rgya<\/label><textarea id=\"wpforms-60-field_2\" class=\"wpforms-field-medium\" name=\"wpforms[fields][2]\" aria-errormessage=\"wpforms-60-field_2-error\" ><\/textarea><\/div><\/div><!-- .wpforms-field-container --><div class=\"wpforms-submit-container\" ><input type=\"hidden\" name=\"wpforms[id]\" value=\"60\"><input type=\"hidden\" name=\"page_title\" value=\"\"><input type=\"hidden\" name=\"page_url\" value=\"https:\/\/www.hidroland.hu\/index.php?rest_route=\/wp\/v2\/pages\/2\"><button type=\"submit\" name=\"wpforms[submit]\" id=\"wpforms-submit-60\" class=\"wpforms-submit\" data-alt-text=\"K\u00fcld\u00e9s...\" data-submit-text=\"Elk\u00fcld\" aria-live=\"assertive\" value=\"wpforms-submit\">Elk\u00fcld<\/button><img decoding=\"async\" src=\"https:\/\/www.hidroland.hu\/wp-content\/plugins\/wpforms-lite\/assets\/images\/submit-spin.svg\" class=\"wpforms-submit-spinner\" style=\"display: none;\" width=\"26\" height=\"26\" alt=\"Loading\"><\/div><\/form><\/div>  <!-- .wpforms-container -->\t\t\t\t<\/div>\n\t\t\t\t<\/div>\n\t\t\t\t\t<\/div>\n\t\t\t\t<\/div>\n\t\t<div class=\"elementor-element elementor-element-9273543 e-flex e-con-boxed e-con e-parent\" data-id=\"9273543\" data-element_type=\"container\">\n\t\t\t\t\t<div class=\"e-con-inner\">\n\t\t\t\t<div class=\"elementor-element elementor-element-632043c elementor-widget elementor-widget-html\" data-id=\"632043c\" data-element_type=\"widget\" data-widget_type=\"html.default\">\n\t\t\t\t<div class=\"elementor-widget-container\">\n\t\t\t\t\t<!-- Google Tag Manager (noscript) -->\n<noscript><iframe src=\"https:\/\/www.googletagmanager.com\/ns.html?id=GTM-N6HNSWWM\"\nheight=\"0\" width=\"0\" style=\"display:none;visibility:hidden\"><\/iframe><\/noscript>\n<!-- End Google Tag Manager (noscript) -->\n\n<!-- Google tag (gtag.js) -->\n<script async src=\"https:\/\/www.googletagmanager.com\/gtag\/js?id=AW-11418912122\"><\/script>\n<script>\n  window.dataLayer = window.dataLayer || [];\n  function gtag(){dataLayer.push(arguments);}\n  gtag('js', new Date());\n\n  gtag('config', 'AW-11418912122');\n<\/script>\n\n<!-- Event snippet for Oldalmegtekint\u00e9s conversion page -->\n<script>\n  gtag('event', 'conversion', {'send_to': 'AW-11418912122\/oZELCMy6qPsYEPqK-8Qq'});\n<\/script>\n\n\t\t\t\t<\/div>\n\t\t\t\t<\/div>\n\t\t\t\t\t<\/div>\n\t\t\t\t<\/div>\n\t\t<div class=\"elementor-element elementor-element-7a01bd9 e-flex e-con-boxed e-con e-parent\" data-id=\"7a01bd9\" data-element_type=\"container\">\n\t\t\t\t\t<div class=\"e-con-inner\">\n\t\t<div class=\"elementor-element elementor-element-7f9c26e e-con-full e-flex e-con e-child\" data-id=\"7f9c26e\" data-element_type=\"container\">\n\t\t\t\t<div class=\"elementor-element elementor-element-643c791 elementor-invisible elementor-widget elementor-widget-google_maps\" data-id=\"643c791\" data-element_type=\"widget\" data-settings=\"{&quot;_animation&quot;:&quot;slideInUp&quot;}\" data-widget_type=\"google_maps.default\">\n\t\t\t\t<div class=\"elementor-widget-container\">\n\t\t\t\t\t\t\t<div class=\"elementor-custom-embed\">\n\t\t\t<iframe loading=\"lazy\"\n\t\t\t\t\tsrc=\"https:\/\/maps.google.com\/maps?q=Gy%C5%91r%2C%20H%C5%B1t%C5%91h%C3%A1z%20utca%204.&#038;t=m&#038;z=15&#038;output=embed&#038;iwloc=near\"\n\t\t\t\t\ttitle=\"Gy\u0151r, H\u0171t\u0151h\u00e1z utca 4.\"\n\t\t\t\t\taria-label=\"Gy\u0151r, H\u0171t\u0151h\u00e1z utca 4.\"\n\t\t\t><\/iframe>\n\t\t<\/div>\n\t\t\t\t\t\t<\/div>\n\t\t\t\t<\/div>\n\t\t\t\t<\/div>\n\t\t<div class=\"elementor-element elementor-element-3932c7d e-con-full e-flex e-con e-child\" data-id=\"3932c7d\" data-element_type=\"container\">\n\t\t\t\t<div class=\"elementor-element elementor-element-c0d4480 elementor-widget__width-initial elementor-position-top elementor-invisible elementor-widget elementor-widget-image-box\" data-id=\"c0d4480\" data-element_type=\"widget\" data-settings=\"{&quot;_animation&quot;:&quot;fadeInRight&quot;}\" data-widget_type=\"image-box.default\">\n\t\t\t\t<div class=\"elementor-widget-container\">\n\t\t\t\t\t<div class=\"elementor-image-box-wrapper\"><figure class=\"elementor-image-box-img\"><img loading=\"lazy\" decoding=\"async\" width=\"820\" height=\"360\" src=\"https:\/\/www.hidroland.hu\/wp-content\/uploads\/2023\/12\/logo_video_04.gif\" class=\"attachment-full size-full wp-image-124\" alt=\"\" \/><\/figure><div class=\"elementor-image-box-content\"><h3 class=\"elementor-image-box-title\">Hidro-Land Bt.<\/h3><p class=\"elementor-image-box-description\">9027 Gy\u0151r, H\u0171t\u0151h\u00e1z utca 4.<br>\nNyitvatart\u00e1s:<br>\nH - P: 8:00 - 16:00<br>\nSzo: Z\u00e1rva<br>\nVas: Z\u00e1rva <\/p><\/div><\/div>\t\t\t\t<\/div>\n\t\t\t\t<\/div>\n\t\t\t\t<\/div>\n\t\t\t\t\t<\/div>\n\t\t\t\t<\/div>\n\t\t\t\t<\/div>\n\t\t","protected":false},"excerpt":{"rendered":"<p>Hidro-Land Bt. 1990-ben alakult \u00e9s az\u00f3ta elk\u00f6telezett h\u00edve, hogy biztos\u00edtsa \u00fcgyfeleinek a folyamatos fejl\u0151d\u00e9st \u00e9s a piaci r\u00e9szesed\u00e9s m\u00e9rt\u00e9k\u00e9nek n\u00f6veked\u00e9s\u00e9t. Hidraulikus \u00e9s pneumatikus alkatr\u00e9szek forgalmaz\u00e1s\u00e1val is foglalkozunk. Tev\u00e9kenys\u00e9gi k\u00f6r\u00fcnkbe tartozik m\u00e9g a gy\u00e1rt\u00f3sorok \u00e9s mobil hidraulikus g\u00e9pek jav\u00edt\u00e1sa nem csak Gy\u0151r-Moson-Sopron v\u00e1rmegy\u00e9ben, de nyugat-dun\u00e1nt\u00fali r\u00e9gi\u00f3ban egyar\u00e1nt. Kereskedelem Szerv\u00edz Kereskedelem Kiv\u00e1l\u00f3 &hellip;<\/p>\n","protected":false},"author":1,"featured_media":0,"parent":0,"menu_order":0,"comment_status":"closed","ping_status":"open","template":"","meta":{"footnotes":""},"yoast_head":"<!-- This site is optimized with the Yoast SEO plugin v23.5 - https:\/\/yoast.com\/wordpress\/plugins\/seo\/ -->\n<title>Kezd\u0151lap - Hidroland<\/title>\n<meta name=\"description\" content=\"Hidro-Land Bt. hidraulikus \u00e9s pneumatikus alkatr\u00e9szek forgalmaz\u00e1s\u00e1val \u00e9s gy\u00e1rt\u00f3sori g\u00e9pek karbantart\u00e1s\u00e1val \u00e9s szervizel\u00e9s\u00e9vel foglalkozunk.\" \/>\n<meta name=\"robots\" content=\"index, follow, max-snippet:-1, max-image-preview:large, max-video-preview:-1\" \/>\n<link rel=\"canonical\" href=\"https:\/\/www.hidroland.hu\/\" \/>\n<meta property=\"og:locale\" content=\"hu_HU\" \/>\n<meta property=\"og:type\" content=\"article\" \/>\n<meta property=\"og:title\" content=\"Kezd\u0151lap - Hidroland\" \/>\n<meta property=\"og:description\" content=\"Hidro-Land Bt. hidraulikus \u00e9s pneumatikus alkatr\u00e9szek forgalmaz\u00e1s\u00e1val \u00e9s gy\u00e1rt\u00f3sori g\u00e9pek karbantart\u00e1s\u00e1val \u00e9s szervizel\u00e9s\u00e9vel foglalkozunk.\" \/>\n<meta property=\"og:url\" content=\"https:\/\/www.hidroland.hu\/\" \/>\n<meta property=\"og:site_name\" content=\"Hidroland\" \/>\n<meta property=\"article:modified_time\" content=\"2025-08-05T11:16:37+00:00\" \/>\n<meta property=\"og:image\" content=\"https:\/\/www.hidroland.hu\/wp-content\/uploads\/2023\/11\/kereskedelem-300x209.png\" \/>\n<meta name=\"twitter:card\" content=\"summary_large_image\" \/>\n<meta name=\"twitter:label1\" content=\"Becs\u00fclt olvas\u00e1si id\u0151\" \/>\n\t<meta name=\"twitter:data1\" content=\"2 perc\" \/>\n<script type=\"application\/ld+json\" class=\"yoast-schema-graph\">{\"@context\":\"https:\/\/schema.org\",\"@graph\":[{\"@type\":\"WebPage\",\"@id\":\"https:\/\/www.hidroland.hu\/\",\"url\":\"https:\/\/www.hidroland.hu\/\",\"name\":\"Kezd\u0151lap - Hidroland\",\"isPartOf\":{\"@id\":\"https:\/\/www.hidroland.hu\/#website\"},\"primaryImageOfPage\":{\"@id\":\"https:\/\/www.hidroland.hu\/#primaryimage\"},\"image\":{\"@id\":\"https:\/\/www.hidroland.hu\/#primaryimage\"},\"thumbnailUrl\":\"https:\/\/www.hidroland.hu\/wp-content\/uploads\/2023\/11\/kereskedelem-300x209.png\",\"datePublished\":\"2023-11-22T12:35:44+00:00\",\"dateModified\":\"2025-08-05T11:16:37+00:00\",\"description\":\"Hidro-Land Bt. hidraulikus \u00e9s pneumatikus alkatr\u00e9szek forgalmaz\u00e1s\u00e1val \u00e9s gy\u00e1rt\u00f3sori g\u00e9pek karbantart\u00e1s\u00e1val \u00e9s szervizel\u00e9s\u00e9vel foglalkozunk.\",\"breadcrumb\":{\"@id\":\"https:\/\/www.hidroland.hu\/#breadcrumb\"},\"inLanguage\":\"hu\",\"potentialAction\":[{\"@type\":\"ReadAction\",\"target\":[\"https:\/\/www.hidroland.hu\/\"]}]},{\"@type\":\"ImageObject\",\"inLanguage\":\"hu\",\"@id\":\"https:\/\/www.hidroland.hu\/#primaryimage\",\"url\":\"https:\/\/www.hidroland.hu\/wp-content\/uploads\/2023\/11\/kereskedelem.png\",\"contentUrl\":\"https:\/\/www.hidroland.hu\/wp-content\/uploads\/2023\/11\/kereskedelem.png\",\"width\":1108,\"height\":772},{\"@type\":\"BreadcrumbList\",\"@id\":\"https:\/\/www.hidroland.hu\/#breadcrumb\",\"itemListElement\":[{\"@type\":\"ListItem\",\"position\":1,\"name\":\"Home\",\"item\":\"https:\/\/www.hidroland.hu\/\"},{\"@type\":\"ListItem\",\"position\":2,\"name\":\"Kezd\u0151lap\"}]},{\"@type\":\"WebSite\",\"@id\":\"https:\/\/www.hidroland.hu\/#website\",\"url\":\"https:\/\/www.hidroland.hu\/\",\"name\":\"Hidroland\",\"description\":\"\",\"publisher\":{\"@id\":\"https:\/\/www.hidroland.hu\/#organization\"},\"potentialAction\":[{\"@type\":\"SearchAction\",\"target\":{\"@type\":\"EntryPoint\",\"urlTemplate\":\"https:\/\/www.hidroland.hu\/?s={search_term_string}\"},\"query-input\":{\"@type\":\"PropertyValueSpecification\",\"valueRequired\":true,\"valueName\":\"search_term_string\"}}],\"inLanguage\":\"hu\"},{\"@type\":\"Organization\",\"@id\":\"https:\/\/www.hidroland.hu\/#organization\",\"name\":\"Hidroland\",\"url\":\"https:\/\/www.hidroland.hu\/\",\"logo\":{\"@type\":\"ImageObject\",\"inLanguage\":\"hu\",\"@id\":\"https:\/\/www.hidroland.hu\/#\/schema\/logo\/image\/\",\"url\":\"https:\/\/www.hidroland.hu\/wp-content\/uploads\/2023\/12\/logo_video_04_feher.gif\",\"contentUrl\":\"https:\/\/www.hidroland.hu\/wp-content\/uploads\/2023\/12\/logo_video_04_feher.gif\",\"width\":820,\"height\":360,\"caption\":\"Hidroland\"},\"image\":{\"@id\":\"https:\/\/www.hidroland.hu\/#\/schema\/logo\/image\/\"}}]}<\/script>\n<!-- \/ Yoast SEO plugin. -->","yoast_head_json":{"title":"Kezd\u0151lap - Hidroland","description":"Hidro-Land Bt. hidraulikus \u00e9s pneumatikus alkatr\u00e9szek forgalmaz\u00e1s\u00e1val \u00e9s gy\u00e1rt\u00f3sori g\u00e9pek karbantart\u00e1s\u00e1val \u00e9s szervizel\u00e9s\u00e9vel foglalkozunk.","robots":{"index":"index","follow":"follow","max-snippet":"max-snippet:-1","max-image-preview":"max-image-preview:large","max-video-preview":"max-video-preview:-1"},"canonical":"https:\/\/www.hidroland.hu\/","og_locale":"hu_HU","og_type":"article","og_title":"Kezd\u0151lap - Hidroland","og_description":"Hidro-Land Bt. hidraulikus \u00e9s pneumatikus alkatr\u00e9szek forgalmaz\u00e1s\u00e1val \u00e9s gy\u00e1rt\u00f3sori g\u00e9pek karbantart\u00e1s\u00e1val \u00e9s szervizel\u00e9s\u00e9vel foglalkozunk.","og_url":"https:\/\/www.hidroland.hu\/","og_site_name":"Hidroland","article_modified_time":"2025-08-05T11:16:37+00:00","og_image":[{"url":"https:\/\/www.hidroland.hu\/wp-content\/uploads\/2023\/11\/kereskedelem-300x209.png"}],"twitter_card":"summary_large_image","twitter_misc":{"Becs\u00fclt olvas\u00e1si id\u0151":"2 perc"},"schema":{"@context":"https:\/\/schema.org","@graph":[{"@type":"WebPage","@id":"https:\/\/www.hidroland.hu\/","url":"https:\/\/www.hidroland.hu\/","name":"Kezd\u0151lap - Hidroland","isPartOf":{"@id":"https:\/\/www.hidroland.hu\/#website"},"primaryImageOfPage":{"@id":"https:\/\/www.hidroland.hu\/#primaryimage"},"image":{"@id":"https:\/\/www.hidroland.hu\/#primaryimage"},"thumbnailUrl":"https:\/\/www.hidroland.hu\/wp-content\/uploads\/2023\/11\/kereskedelem-300x209.png","datePublished":"2023-11-22T12:35:44+00:00","dateModified":"2025-08-05T11:16:37+00:00","description":"Hidro-Land Bt. hidraulikus \u00e9s pneumatikus alkatr\u00e9szek forgalmaz\u00e1s\u00e1val \u00e9s gy\u00e1rt\u00f3sori g\u00e9pek karbantart\u00e1s\u00e1val \u00e9s szervizel\u00e9s\u00e9vel foglalkozunk.","breadcrumb":{"@id":"https:\/\/www.hidroland.hu\/#breadcrumb"},"inLanguage":"hu","potentialAction":[{"@type":"ReadAction","target":["https:\/\/www.hidroland.hu\/"]}]},{"@type":"ImageObject","inLanguage":"hu","@id":"https:\/\/www.hidroland.hu\/#primaryimage","url":"https:\/\/www.hidroland.hu\/wp-content\/uploads\/2023\/11\/kereskedelem.png","contentUrl":"https:\/\/www.hidroland.hu\/wp-content\/uploads\/2023\/11\/kereskedelem.png","width":1108,"height":772},{"@type":"BreadcrumbList","@id":"https:\/\/www.hidroland.hu\/#breadcrumb","itemListElement":[{"@type":"ListItem","position":1,"name":"Home","item":"https:\/\/www.hidroland.hu\/"},{"@type":"ListItem","position":2,"name":"Kezd\u0151lap"}]},{"@type":"WebSite","@id":"https:\/\/www.hidroland.hu\/#website","url":"https:\/\/www.hidroland.hu\/","name":"Hidroland","description":"","publisher":{"@id":"https:\/\/www.hidroland.hu\/#organization"},"potentialAction":[{"@type":"SearchAction","target":{"@type":"EntryPoint","urlTemplate":"https:\/\/www.hidroland.hu\/?s={search_term_string}"},"query-input":{"@type":"PropertyValueSpecification","valueRequired":true,"valueName":"search_term_string"}}],"inLanguage":"hu"},{"@type":"Organization","@id":"https:\/\/www.hidroland.hu\/#organization","name":"Hidroland","url":"https:\/\/www.hidroland.hu\/","logo":{"@type":"ImageObject","inLanguage":"hu","@id":"https:\/\/www.hidroland.hu\/#\/schema\/logo\/image\/","url":"https:\/\/www.hidroland.hu\/wp-content\/uploads\/2023\/12\/logo_video_04_feher.gif","contentUrl":"https:\/\/www.hidroland.hu\/wp-content\/uploads\/2023\/12\/logo_video_04_feher.gif","width":820,"height":360,"caption":"Hidroland"},"image":{"@id":"https:\/\/www.hidroland.hu\/#\/schema\/logo\/image\/"}}]}},"_links":{"self":[{"href":"https:\/\/www.hidroland.hu\/index.php?rest_route=\/wp\/v2\/pages\/2"}],"collection":[{"href":"https:\/\/www.hidroland.hu\/index.php?rest_route=\/wp\/v2\/pages"}],"about":[{"href":"https:\/\/www.hidroland.hu\/index.php?rest_route=\/wp\/v2\/types\/page"}],"author":[{"embeddable":true,"href":"https:\/\/www.hidroland.hu\/index.php?rest_route=\/wp\/v2\/users\/1"}],"replies":[{"embeddable":true,"href":"https:\/\/www.hidroland.hu\/index.php?rest_route=%2Fwp%2Fv2%2Fcomments&post=2"}],"version-history":[{"count":7,"href":"https:\/\/www.hidroland.hu\/index.php?rest_route=\/wp\/v2\/pages\/2\/revisions"}],"predecessor-version":[{"id":298,"href":"https:\/\/www.hidroland.hu\/index.php?rest_route=\/wp\/v2\/pages\/2\/revisions\/298"}],"wp:attachment":[{"href":"https:\/\/www.hidroland.hu\/index.php?rest_route=%2Fwp%2Fv2%2Fmedia&parent=2"}],"curies":[{"name":"wp","href":"https:\/\/api.w.org\/{rel}","templated":true}]}}