{"id":259,"date":"2024-09-12T10:34:16","date_gmt":"2024-09-12T08:34:16","guid":{"rendered":"https:\/\/www.hidroland.hu\/?page_id=259"},"modified":"2024-09-12T10:35:48","modified_gmt":"2024-09-12T08:35:48","slug":"adatkezelesi-tajekoztato-allashirdetesre-palyazok-szamara","status":"publish","type":"page","link":"https:\/\/www.hidroland.hu\/?page_id=259","title":{"rendered":"Adatkezel\u00e9si t\u00e1j\u00e9koztat\u00f3  \u00e1ll\u00e1shirdet\u00e9sre p\u00e1ly\u00e1z\u00f3k sz\u00e1m\u00e1ra"},"content":{"rendered":"\t\t<div data-elementor-type=\"wp-page\" data-elementor-id=\"259\" class=\"elementor elementor-259\">\n\t\t\t\t<div class=\"elementor-element elementor-element-3db7fd5 e-flex e-con-boxed e-con e-parent\" data-id=\"3db7fd5\" data-element_type=\"container\">\n\t\t\t\t\t<div class=\"e-con-inner\">\n\t\t\t\t<div class=\"elementor-element elementor-element-1200266 elementor-widget elementor-widget-text-editor\" data-id=\"1200266\" data-element_type=\"widget\" data-widget_type=\"text-editor.default\">\n\t\t\t\t<div class=\"elementor-widget-container\">\n\t\t\t\t\t\t\t\t\t<p><u>Adatkezel\u0151:<\/u> \u00a0\u00a0\u00a0\u00a0\u00a0\u00a0 HIDRO-LAND Automatiz\u00e1l\u00e1si \u00e9s Rendszertechnikai Bet\u00e9ti T\u00e1rsas\u00e1g<\/p><p>\u00a0<\/p><p><u>Sz\u00e9khely:<\/u> \u00a0\u00a0\u00a0\u00a0\u00a0\u00a0\u00a0\u00a0\u00a0\u00a0 9027 Gy\u0151r, H\u0171t\u0151h\u00e1z utca 4.<\/p><p>\u00a0<\/p><p><u>K\u00e9pviseletre jogosult \u00fcgyvezet\u0151:<\/u> \u00a0\u00a0\u00a0\u00a0\u00a0\u00a0\u00a0\u00a0\u00a0\u00a0\u00a0 \u00a0\u00a0\u00a0\u00a0\u00a0\u00a0\u00a0\u00a0\u00a0\u00a0\u00a0\u00a0Imre P\u00e9ter \u00fcgyvezet\u0151 igazgat\u00f3<\/p><p>\u00a0\u00a0\u00a0\u00a0\u00a0\u00a0\u00a0\u00a0\u00a0\u00a0\u00a0\u00a0\u00a0\u00a0\u00a0\u00a0\u00a0\u00a0\u00a0\u00a0\u00a0\u00a0\u00a0\u00a0\u00a0\u00a0\u00a0\u00a0\u00a0\u00a0\u00a0\u00a0\u00a0\u00a0\u00a0\u00a0\u00a0\u00a0\u00a0\u00a0\u00a0\u00a0\u00a0\u00a0\u00a0\u00a0\u00a0\u00a0\u00a0\u00a0\u00a0\u00a0\u00a0\u00a0\u00a0\u00a0\u00a0\u00a0\u00a0\u00a0\u00a0\u00a0\u00a0\u00a0\u00a0\u00a0\u00a0\u00a0\u00a0\u00a0\u00a0\u00a0\u00a0\u00a0\u00a0\u00a0\u00a0\u00a0\u00a0\u00a0\u00a0\u00a0\u00a0\u00a0\u00a0\u00a0\u00a0\u00a0<\/p><p><u>El\u00e9rhet\u0151s\u00e9g<\/u>: \u00a0\u00a0\u00a0\u00a0\u00a0\u00a0\u00a0\u00a0\u00a0\u00a0\u00a0\u00a0\u00a0\u00a0\u00a0\u00a0\u00a0\u00a0\u00a0\u00a0\u00a0\u00a0\u00a0\u00a0\u00a0\u00a0\u00a0\u00a0\u00a0\u00a0\u00a0\u00a0\u00a0\u00a0\u00a0\u00a0\u00a0\u00a0\u00a0\u00a0\u00a0\u00a0\u00a0\u00a0\u00a0\u00a0\u00a0\u00a0 \u00a0\u00a0\u00a0\u00a0\u00a0\u00a0\u00a0\u00a0\u00a0\u00a0\u00a0\u00a0\u00a0 <a href=\"mailto:hidroland@t-online.hu\">hidroland@t-online.hu<\/a>, <a href=\"mailto:info@hodroland.hu\">info@hodroland.hu<\/a><\/p><p><u>Telefonsz\u00e1m:<\/u> \u00a0\u00a0\u00a0\u00a0\u00a0\u00a0\u00a0\u00a0\u00a0\u00a0\u00a0\u00a0\u00a0\u00a0\u00a0\u00a0\u00a0\u00a0\u00a0\u00a0\u00a0\u00a0\u00a0\u00a0\u00a0\u00a0\u00a0\u00a0\u00a0\u00a0\u00a0\u00a0\u00a0\u00a0\u00a0\u00a0\u00a0\u00a0\u00a0\u00a0\u00a0\u00a0\u00a0\u00a0\u00a0\u00a0\u00a0\u00a0\u00a0\u00a0\u00a0\u00a0\u00a0\u00a0\u00a0\u00a0\u00a0\u00a0\u00a0\u00a0\u00a0\u00a0 +36 20\u00a0354 9919\u00a0\u00a0\u00a0\u00a0\u00a0\u00a0\u00a0\u00a0\u00a0\u00a0\u00a0\u00a0\u00a0\u00a0\u00a0\u00a0\u00a0\u00a0\u00a0\u00a0\u00a0\u00a0\u00a0\u00a0\u00a0\u00a0\u00a0\u00a0\u00a0\u00a0\u00a0\u00a0\u00a0\u00a0\u00a0\u00a0\u00a0\u00a0\u00a0\u00a0\u00a0\u00a0 \u00a0\u00a0\u00a0\u00a0\u00a0\u00a0\u00a0\u00a0\u00a0\u00a0<\/p><p>\u00a0<\/p><p>A <strong>HIDRO-LAND Bt.<\/strong> (tov\u00e1bbiakban: T\u00e1rsas\u00e1g) ez\u00faton t\u00e1j\u00e9koztatja az online \u00e1ll\u00e1s- hirdet\u00e9sre jelentkez\u0151ket a hat\u00e1lyos adatv\u00e9delmi jogi szab\u00e1lyoz\u00e1snak &#8211; <em>Az Eur\u00f3pai Parlament \u00e9s a Tan\u00e1cs (Eu) 2016\/679 Rendelete (2016. \u00e1prilis 27.) a term\u00e9szetes szem\u00e9lyeknek a szem\u00e9lyes adatok kezel\u00e9se tekintet\u00e9ben t\u00f6rt\u00e9n\u0151 v\u00e9delm\u00e9r\u0151l \u00e9s az ilyen adatok szabad \u00e1raml\u00e1s\u00e1r\u00f3l, valamint a 95\/46\/EK \u00a0\u00a0\u00a0\u00a0\u00a0\u00a0\u00a0\u00a0\u00a0\u00a0 rendelet hat\u00e1lyon k\u00edv\u00fcl helyez\u00e9s\u00e9r\u0151l (\u00e1ltal\u00e1nos adatv\u00e9delmi rendelet, a tov\u00e1bbiakban: GDPR)<\/em> &#8211; t\u00f6rt\u00e9n\u0151 meg\u00adfelel\u00e9s \u00e9rdek\u00e9ben a T\u00e1rsas\u00e1g p\u00e1ly\u00e1z\u00f3kra vonatkoz\u00f3 adatkezel\u00e9si gyakorlat\u00e1r\u00f3l:<\/p><ol><li><strong>Az adatkezel\u00e9s c\u00e9lja \u00e9s jogalapja<\/strong><\/li><\/ol><p>Az adatkezel\u00e9s c\u00e9lja az \u00e1ll\u00e1sra jelentkez\u00e9s, a p\u00e1ly\u00e1z\u00f3i jelentkez\u00e9s elb\u00edr\u00e1l\u00e1sa. A jogalapja az \u00d6n kifejezett \u00e9s \u00f6nk\u00e9ntes hozz\u00e1j\u00e1rul\u00e1sa, amely alapj\u00e1n \u00d6n a p\u00e1ly\u00e1zati anyag r\u00e9sz\u00fcnkre t\u00f6rt\u00e9n\u0151 megk\u00fcld\u00e9s\u00e9nek t\u00e9ny\u00e9vel ezen t\u00e1j\u00e9koztat\u00f3 \u00e9rtelm\u00e9ben hozz\u00e1j\u00e1rul\u00e1s\u00e1t adja a p\u00e1ly\u00e1zati anyag\u00e1ban megadott szem\u00e9lyes adatainak kezel\u00e9\u00ads\u00e9hez.<\/p><ol start=\"2\"><li><strong>A szem\u00e9lyes adatok k\u00f6re<\/strong><\/li><\/ol><p>A megadott szem\u00e9lyes adatok k\u00f6re az \u00d6n \u00e1ltal megk\u00fcld\u00f6tt \u00f6n\u00e9letrajzba, motiv\u00e1ci\u00f3s lev\u00e9lbe vagy esetlegesen a p\u00e1ly\u00e1z\u00f3i adatlapba foglalt szem\u00e9lyes adatok. T\u00e1rsas\u00e1\u00adgunk csak az adatkezel\u00e9si c\u00e9lhoz \u00e9s m\u00e9rt\u00e9k\u00e9hez felt\u00e9tlen\u00fcl sz\u00fcks\u00e9ges m\u00e9rt\u00e9kben kezeli az \u00d6n adatait.<\/p><ol start=\"3\"><li><strong>Az adatkezel\u00e9s id\u0151tartama<\/strong><\/li><\/ol><p>A p\u00e1ly\u00e1z\u00f3i adatokat T\u00e1rsas\u00e1gunk a p\u00e1ly\u00e1zat elb\u00edr\u00e1l\u00e1s\u00e1ig, illetve elutas\u00edt\u00e1s eset\u00e9n az elutas\u00edt\u00e1st k\u00f6vet\u0151 14 napon bel\u00fcl t\u00f6rli. A szem\u00e9lyes adatait kiz\u00e1r\u00f3lag a munk\u00e1ltat\u00f3i jogk\u00f6rt gyakorl\u00f3 szem\u00e9ly, a k\u00f6zvetlen munkahelyi vezet\u0151, \u00e9s a p\u00e1ly\u00e1ztat\u00e1ssal, kiv\u00e1\u00adlaszt\u00e1ssal foglalkoz\u00f3 munkav\u00e1llal\u00f3k ismerheti meg. Az \u00d6n kifejezett hozz\u00e1j\u00e1rul\u00e1sa alapj\u00e1n T\u00e1rsas\u00e1gunk az \u00d6n p\u00e1ly\u00e1zati anyag\u00e1t a k\u00f6zelj\u00f6v\u0151ben v\u00e1rhat\u00f3an meghirde\u00adt\u00e9sre ker\u00fcl\u0151 \u00e1ll\u00e1sra jelentkez\u00e9s c\u00e9lj\u00e1b\u00f3l enn\u00e9l hosszabb ideig, de legfeljebb 6 h\u00f3\u00adnapig t\u00e1rolja.<\/p><p>\u00a0<\/p><p><strong><u>T\u00e1j\u00e9koztat\u00e1s az \u00e9rintett jogair\u00f3l<\/u><\/strong><\/p><p>\u00d6nnek, mint a T\u00e1rsas\u00e1gunkn\u00e1l szem\u00e9lyes adatok kezel\u00e9s\u00e9ben \u00e9rintett szem\u00e9lynek joga van<\/p><p>k\u00e9relmezni T\u00e1rsas\u00e1gunkt\u00f3l az \u00d6nre vonatkoz\u00f3 szem\u00e9lyes adatokhoz val\u00f3 hoz\u00adz\u00e1f\u00e9r\u00e9st, ezen bel\u00fcl, hogy a T\u00e1rsas\u00e1gunk mely szem\u00e9lyes adatait, milyen jogalapon, milyen adatkezel\u00e9si c\u00e9lb\u00f3l, milyen forr\u00e1sb\u00f3l, mennyi ideig kezeli; T\u00e1rsas\u00e1\u00adgunk kinek, milyen c\u00e9lb\u00f3l, milyen jogalapon, mely szem\u00e9lyes adataihoz biz\u00adtos\u00edtott hozz\u00e1f\u00e9r\u00e9st vagy tov\u00e1bb\u00edtotta az \u00d6n adatait.<\/p><p>\u00a0<\/p><p><strong>Az \u00e9rintett a t\u00e1j\u00e9koztat\u00e1st meg\u00e9rtette \u00e9s tudom\u00e1sul vette:<\/strong><\/p><p><strong>\u00a0<\/strong><\/p><p>Kelt:\u2026\u2026\u2026\u2026\u2026\u2026\u2026\u2026\u2026\u2026\u2026\u2026\u2026<\/p><p><strong>\u00a0<\/strong><\/p><p><strong>\u2026<\/strong><strong>&#8230;&#8230;&#8230;&#8230;&#8230;&#8230;&#8230;&#8230;&#8230;&#8230;&#8230;&#8230;&#8230;&#8230;&#8230;&#8230;&#8230;&#8230;&#8230;&#8230;<\/strong><\/p><p><strong>\u00a0<\/strong><\/p><p><strong>(\u00e9rintett \u00e1ll\u00e1sp\u00e1ly\u00e1z\u00f3)<\/strong><\/p><p>\u00a0<\/p>\t\t\t\t\t\t\t\t<\/div>\n\t\t\t\t<\/div>\n\t\t\t\t\t<\/div>\n\t\t\t\t<\/div>\n\t\t\t\t<\/div>\n\t\t","protected":false},"excerpt":{"rendered":"<p>Adatkezel\u0151: \u00a0\u00a0\u00a0\u00a0\u00a0\u00a0 HIDRO-LAND Automatiz\u00e1l\u00e1si \u00e9s Rendszertechnikai Bet\u00e9ti T\u00e1rsas\u00e1g \u00a0 Sz\u00e9khely: \u00a0\u00a0\u00a0\u00a0\u00a0\u00a0\u00a0\u00a0\u00a0\u00a0 9027 Gy\u0151r, H\u0171t\u0151h\u00e1z utca 4. \u00a0 K\u00e9pviseletre jogosult \u00fcgyvezet\u0151: \u00a0\u00a0\u00a0\u00a0\u00a0\u00a0\u00a0\u00a0\u00a0\u00a0\u00a0 \u00a0\u00a0\u00a0\u00a0\u00a0\u00a0\u00a0\u00a0\u00a0\u00a0\u00a0\u00a0Imre P\u00e9ter \u00fcgyvezet\u0151 igazgat\u00f3 \u00a0\u00a0\u00a0\u00a0\u00a0\u00a0\u00a0\u00a0\u00a0\u00a0\u00a0\u00a0\u00a0\u00a0\u00a0\u00a0\u00a0\u00a0\u00a0\u00a0\u00a0\u00a0\u00a0\u00a0\u00a0\u00a0\u00a0\u00a0\u00a0\u00a0\u00a0\u00a0\u00a0\u00a0\u00a0\u00a0\u00a0\u00a0\u00a0\u00a0\u00a0\u00a0\u00a0\u00a0\u00a0\u00a0\u00a0\u00a0\u00a0\u00a0\u00a0\u00a0\u00a0\u00a0\u00a0\u00a0\u00a0\u00a0\u00a0\u00a0\u00a0\u00a0\u00a0\u00a0\u00a0\u00a0\u00a0\u00a0\u00a0\u00a0\u00a0\u00a0\u00a0\u00a0\u00a0\u00a0\u00a0\u00a0\u00a0\u00a0\u00a0\u00a0\u00a0\u00a0\u00a0\u00a0\u00a0\u00a0 El\u00e9rhet\u0151s\u00e9g: \u00a0\u00a0\u00a0\u00a0\u00a0\u00a0\u00a0\u00a0\u00a0\u00a0\u00a0\u00a0\u00a0\u00a0\u00a0\u00a0\u00a0\u00a0\u00a0\u00a0\u00a0\u00a0\u00a0\u00a0\u00a0\u00a0\u00a0\u00a0\u00a0\u00a0\u00a0\u00a0\u00a0\u00a0\u00a0\u00a0\u00a0\u00a0\u00a0\u00a0\u00a0\u00a0\u00a0\u00a0\u00a0\u00a0\u00a0\u00a0 \u00a0\u00a0\u00a0\u00a0\u00a0\u00a0\u00a0\u00a0\u00a0\u00a0\u00a0\u00a0\u00a0 hidroland@t-online.hu, info@hodroland.hu Telefonsz\u00e1m: \u00a0\u00a0\u00a0\u00a0\u00a0\u00a0\u00a0\u00a0\u00a0\u00a0\u00a0\u00a0\u00a0\u00a0\u00a0\u00a0\u00a0\u00a0\u00a0\u00a0\u00a0\u00a0\u00a0\u00a0\u00a0\u00a0\u00a0\u00a0\u00a0\u00a0\u00a0\u00a0\u00a0\u00a0\u00a0\u00a0\u00a0\u00a0\u00a0\u00a0\u00a0\u00a0\u00a0\u00a0\u00a0\u00a0\u00a0\u00a0\u00a0\u00a0\u00a0\u00a0\u00a0\u00a0\u00a0\u00a0\u00a0\u00a0\u00a0\u00a0\u00a0\u00a0 +36 20\u00a0354 9919\u00a0\u00a0\u00a0\u00a0\u00a0\u00a0\u00a0\u00a0\u00a0\u00a0\u00a0\u00a0\u00a0\u00a0\u00a0\u00a0\u00a0\u00a0\u00a0\u00a0\u00a0\u00a0\u00a0\u00a0\u00a0\u00a0\u00a0\u00a0\u00a0\u00a0\u00a0\u00a0\u00a0\u00a0\u00a0\u00a0\u00a0\u00a0\u00a0\u00a0\u00a0\u00a0 \u00a0\u00a0\u00a0\u00a0\u00a0\u00a0\u00a0\u00a0\u00a0\u00a0 \u00a0 A HIDRO-LAND Bt. (tov\u00e1bbiakban: T\u00e1rsas\u00e1g) ez\u00faton t\u00e1j\u00e9koztatja az online \u00e1ll\u00e1s- hirdet\u00e9sre jelentkez\u0151ket &hellip;<\/p>\n","protected":false},"author":1,"featured_media":0,"parent":0,"menu_order":0,"comment_status":"closed","ping_status":"closed","template":"","meta":{"footnotes":""},"yoast_head":"<!-- This site is optimized with the Yoast SEO plugin v23.5 - https:\/\/yoast.com\/wordpress\/plugins\/seo\/ -->\n<title>Adatkezel\u00e9si t\u00e1j\u00e9koztat\u00f3 \u00e1ll\u00e1shirdet\u00e9sre p\u00e1ly\u00e1z\u00f3k sz\u00e1m\u00e1ra - Hidroland<\/title>\n<meta name=\"robots\" content=\"index, follow, max-snippet:-1, max-image-preview:large, max-video-preview:-1\" \/>\n<link rel=\"canonical\" href=\"https:\/\/www.hidroland.hu\/?page_id=259\" \/>\n<meta property=\"og:locale\" content=\"hu_HU\" \/>\n<meta property=\"og:type\" content=\"article\" \/>\n<meta property=\"og:title\" content=\"Adatkezel\u00e9si t\u00e1j\u00e9koztat\u00f3 \u00e1ll\u00e1shirdet\u00e9sre p\u00e1ly\u00e1z\u00f3k sz\u00e1m\u00e1ra - Hidroland\" \/>\n<meta property=\"og:description\" content=\"Adatkezel\u0151: \u00a0\u00a0\u00a0\u00a0\u00a0\u00a0 HIDRO-LAND Automatiz\u00e1l\u00e1si \u00e9s Rendszertechnikai Bet\u00e9ti T\u00e1rsas\u00e1g \u00a0 Sz\u00e9khely: \u00a0\u00a0\u00a0\u00a0\u00a0\u00a0\u00a0\u00a0\u00a0\u00a0 9027 Gy\u0151r, H\u0171t\u0151h\u00e1z utca 4. \u00a0 K\u00e9pviseletre jogosult \u00fcgyvezet\u0151: \u00a0\u00a0\u00a0\u00a0\u00a0\u00a0\u00a0\u00a0\u00a0\u00a0\u00a0 \u00a0\u00a0\u00a0\u00a0\u00a0\u00a0\u00a0\u00a0\u00a0\u00a0\u00a0\u00a0Imre P\u00e9ter \u00fcgyvezet\u0151 igazgat\u00f3 \u00a0\u00a0\u00a0\u00a0\u00a0\u00a0\u00a0\u00a0\u00a0\u00a0\u00a0\u00a0\u00a0\u00a0\u00a0\u00a0\u00a0\u00a0\u00a0\u00a0\u00a0\u00a0\u00a0\u00a0\u00a0\u00a0\u00a0\u00a0\u00a0\u00a0\u00a0\u00a0\u00a0\u00a0\u00a0\u00a0\u00a0\u00a0\u00a0\u00a0\u00a0\u00a0\u00a0\u00a0\u00a0\u00a0\u00a0\u00a0\u00a0\u00a0\u00a0\u00a0\u00a0\u00a0\u00a0\u00a0\u00a0\u00a0\u00a0\u00a0\u00a0\u00a0\u00a0\u00a0\u00a0\u00a0\u00a0\u00a0\u00a0\u00a0\u00a0\u00a0\u00a0\u00a0\u00a0\u00a0\u00a0\u00a0\u00a0\u00a0\u00a0\u00a0\u00a0\u00a0\u00a0\u00a0\u00a0\u00a0 El\u00e9rhet\u0151s\u00e9g: \u00a0\u00a0\u00a0\u00a0\u00a0\u00a0\u00a0\u00a0\u00a0\u00a0\u00a0\u00a0\u00a0\u00a0\u00a0\u00a0\u00a0\u00a0\u00a0\u00a0\u00a0\u00a0\u00a0\u00a0\u00a0\u00a0\u00a0\u00a0\u00a0\u00a0\u00a0\u00a0\u00a0\u00a0\u00a0\u00a0\u00a0\u00a0\u00a0\u00a0\u00a0\u00a0\u00a0\u00a0\u00a0\u00a0\u00a0\u00a0 \u00a0\u00a0\u00a0\u00a0\u00a0\u00a0\u00a0\u00a0\u00a0\u00a0\u00a0\u00a0\u00a0 hidroland@t-online.hu, info@hodroland.hu Telefonsz\u00e1m: \u00a0\u00a0\u00a0\u00a0\u00a0\u00a0\u00a0\u00a0\u00a0\u00a0\u00a0\u00a0\u00a0\u00a0\u00a0\u00a0\u00a0\u00a0\u00a0\u00a0\u00a0\u00a0\u00a0\u00a0\u00a0\u00a0\u00a0\u00a0\u00a0\u00a0\u00a0\u00a0\u00a0\u00a0\u00a0\u00a0\u00a0\u00a0\u00a0\u00a0\u00a0\u00a0\u00a0\u00a0\u00a0\u00a0\u00a0\u00a0\u00a0\u00a0\u00a0\u00a0\u00a0\u00a0\u00a0\u00a0\u00a0\u00a0\u00a0\u00a0\u00a0\u00a0 +36 20\u00a0354 9919\u00a0\u00a0\u00a0\u00a0\u00a0\u00a0\u00a0\u00a0\u00a0\u00a0\u00a0\u00a0\u00a0\u00a0\u00a0\u00a0\u00a0\u00a0\u00a0\u00a0\u00a0\u00a0\u00a0\u00a0\u00a0\u00a0\u00a0\u00a0\u00a0\u00a0\u00a0\u00a0\u00a0\u00a0\u00a0\u00a0\u00a0\u00a0\u00a0\u00a0\u00a0\u00a0 \u00a0\u00a0\u00a0\u00a0\u00a0\u00a0\u00a0\u00a0\u00a0\u00a0 \u00a0 A HIDRO-LAND Bt. (tov\u00e1bbiakban: T\u00e1rsas\u00e1g) ez\u00faton t\u00e1j\u00e9koztatja az online \u00e1ll\u00e1s- hirdet\u00e9sre jelentkez\u0151ket &hellip;\" \/>\n<meta property=\"og:url\" content=\"https:\/\/www.hidroland.hu\/?page_id=259\" \/>\n<meta property=\"og:site_name\" content=\"Hidroland\" \/>\n<meta property=\"article:modified_time\" content=\"2024-09-12T08:35:48+00:00\" \/>\n<meta name=\"twitter:card\" content=\"summary_large_image\" \/>\n<meta name=\"twitter:label1\" content=\"Becs\u00fclt olvas\u00e1si id\u0151\" \/>\n\t<meta name=\"twitter:data1\" content=\"2 perc\" \/>\n<script type=\"application\/ld+json\" class=\"yoast-schema-graph\">{\"@context\":\"https:\/\/schema.org\",\"@graph\":[{\"@type\":\"WebPage\",\"@id\":\"https:\/\/www.hidroland.hu\/?page_id=259\",\"url\":\"https:\/\/www.hidroland.hu\/?page_id=259\",\"name\":\"Adatkezel\u00e9si t\u00e1j\u00e9koztat\u00f3 \u00e1ll\u00e1shirdet\u00e9sre p\u00e1ly\u00e1z\u00f3k sz\u00e1m\u00e1ra - Hidroland\",\"isPartOf\":{\"@id\":\"https:\/\/www.hidroland.hu\/#website\"},\"datePublished\":\"2024-09-12T08:34:16+00:00\",\"dateModified\":\"2024-09-12T08:35:48+00:00\",\"breadcrumb\":{\"@id\":\"https:\/\/www.hidroland.hu\/?page_id=259#breadcrumb\"},\"inLanguage\":\"hu\",\"potentialAction\":[{\"@type\":\"ReadAction\",\"target\":[\"https:\/\/www.hidroland.hu\/?page_id=259\"]}]},{\"@type\":\"BreadcrumbList\",\"@id\":\"https:\/\/www.hidroland.hu\/?page_id=259#breadcrumb\",\"itemListElement\":[{\"@type\":\"ListItem\",\"position\":1,\"name\":\"Home\",\"item\":\"https:\/\/www.hidroland.hu\/\"},{\"@type\":\"ListItem\",\"position\":2,\"name\":\"Adatkezel\u00e9si t\u00e1j\u00e9koztat\u00f3 \u00e1ll\u00e1shirdet\u00e9sre p\u00e1ly\u00e1z\u00f3k sz\u00e1m\u00e1ra\"}]},{\"@type\":\"WebSite\",\"@id\":\"https:\/\/www.hidroland.hu\/#website\",\"url\":\"https:\/\/www.hidroland.hu\/\",\"name\":\"Hidroland\",\"description\":\"\",\"publisher\":{\"@id\":\"https:\/\/www.hidroland.hu\/#organization\"},\"potentialAction\":[{\"@type\":\"SearchAction\",\"target\":{\"@type\":\"EntryPoint\",\"urlTemplate\":\"https:\/\/www.hidroland.hu\/?s={search_term_string}\"},\"query-input\":{\"@type\":\"PropertyValueSpecification\",\"valueRequired\":true,\"valueName\":\"search_term_string\"}}],\"inLanguage\":\"hu\"},{\"@type\":\"Organization\",\"@id\":\"https:\/\/www.hidroland.hu\/#organization\",\"name\":\"Hidroland\",\"url\":\"https:\/\/www.hidroland.hu\/\",\"logo\":{\"@type\":\"ImageObject\",\"inLanguage\":\"hu\",\"@id\":\"https:\/\/www.hidroland.hu\/#\/schema\/logo\/image\/\",\"url\":\"https:\/\/www.hidroland.hu\/wp-content\/uploads\/2023\/12\/logo_video_04_feher.gif\",\"contentUrl\":\"https:\/\/www.hidroland.hu\/wp-content\/uploads\/2023\/12\/logo_video_04_feher.gif\",\"width\":820,\"height\":360,\"caption\":\"Hidroland\"},\"image\":{\"@id\":\"https:\/\/www.hidroland.hu\/#\/schema\/logo\/image\/\"}}]}<\/script>\n<!-- \/ Yoast SEO plugin. -->","yoast_head_json":{"title":"Adatkezel\u00e9si t\u00e1j\u00e9koztat\u00f3 \u00e1ll\u00e1shirdet\u00e9sre p\u00e1ly\u00e1z\u00f3k sz\u00e1m\u00e1ra - Hidroland","robots":{"index":"index","follow":"follow","max-snippet":"max-snippet:-1","max-image-preview":"max-image-preview:large","max-video-preview":"max-video-preview:-1"},"canonical":"https:\/\/www.hidroland.hu\/?page_id=259","og_locale":"hu_HU","og_type":"article","og_title":"Adatkezel\u00e9si t\u00e1j\u00e9koztat\u00f3 \u00e1ll\u00e1shirdet\u00e9sre p\u00e1ly\u00e1z\u00f3k sz\u00e1m\u00e1ra - Hidroland","og_description":"Adatkezel\u0151: \u00a0\u00a0\u00a0\u00a0\u00a0\u00a0 HIDRO-LAND Automatiz\u00e1l\u00e1si \u00e9s Rendszertechnikai Bet\u00e9ti T\u00e1rsas\u00e1g \u00a0 Sz\u00e9khely: \u00a0\u00a0\u00a0\u00a0\u00a0\u00a0\u00a0\u00a0\u00a0\u00a0 9027 Gy\u0151r, H\u0171t\u0151h\u00e1z utca 4. \u00a0 K\u00e9pviseletre jogosult \u00fcgyvezet\u0151: \u00a0\u00a0\u00a0\u00a0\u00a0\u00a0\u00a0\u00a0\u00a0\u00a0\u00a0 \u00a0\u00a0\u00a0\u00a0\u00a0\u00a0\u00a0\u00a0\u00a0\u00a0\u00a0\u00a0Imre P\u00e9ter \u00fcgyvezet\u0151 igazgat\u00f3 \u00a0\u00a0\u00a0\u00a0\u00a0\u00a0\u00a0\u00a0\u00a0\u00a0\u00a0\u00a0\u00a0\u00a0\u00a0\u00a0\u00a0\u00a0\u00a0\u00a0\u00a0\u00a0\u00a0\u00a0\u00a0\u00a0\u00a0\u00a0\u00a0\u00a0\u00a0\u00a0\u00a0\u00a0\u00a0\u00a0\u00a0\u00a0\u00a0\u00a0\u00a0\u00a0\u00a0\u00a0\u00a0\u00a0\u00a0\u00a0\u00a0\u00a0\u00a0\u00a0\u00a0\u00a0\u00a0\u00a0\u00a0\u00a0\u00a0\u00a0\u00a0\u00a0\u00a0\u00a0\u00a0\u00a0\u00a0\u00a0\u00a0\u00a0\u00a0\u00a0\u00a0\u00a0\u00a0\u00a0\u00a0\u00a0\u00a0\u00a0\u00a0\u00a0\u00a0\u00a0\u00a0\u00a0\u00a0\u00a0 El\u00e9rhet\u0151s\u00e9g: \u00a0\u00a0\u00a0\u00a0\u00a0\u00a0\u00a0\u00a0\u00a0\u00a0\u00a0\u00a0\u00a0\u00a0\u00a0\u00a0\u00a0\u00a0\u00a0\u00a0\u00a0\u00a0\u00a0\u00a0\u00a0\u00a0\u00a0\u00a0\u00a0\u00a0\u00a0\u00a0\u00a0\u00a0\u00a0\u00a0\u00a0\u00a0\u00a0\u00a0\u00a0\u00a0\u00a0\u00a0\u00a0\u00a0\u00a0\u00a0 \u00a0\u00a0\u00a0\u00a0\u00a0\u00a0\u00a0\u00a0\u00a0\u00a0\u00a0\u00a0\u00a0 hidroland@t-online.hu, info@hodroland.hu Telefonsz\u00e1m: \u00a0\u00a0\u00a0\u00a0\u00a0\u00a0\u00a0\u00a0\u00a0\u00a0\u00a0\u00a0\u00a0\u00a0\u00a0\u00a0\u00a0\u00a0\u00a0\u00a0\u00a0\u00a0\u00a0\u00a0\u00a0\u00a0\u00a0\u00a0\u00a0\u00a0\u00a0\u00a0\u00a0\u00a0\u00a0\u00a0\u00a0\u00a0\u00a0\u00a0\u00a0\u00a0\u00a0\u00a0\u00a0\u00a0\u00a0\u00a0\u00a0\u00a0\u00a0\u00a0\u00a0\u00a0\u00a0\u00a0\u00a0\u00a0\u00a0\u00a0\u00a0\u00a0 +36 20\u00a0354 9919\u00a0\u00a0\u00a0\u00a0\u00a0\u00a0\u00a0\u00a0\u00a0\u00a0\u00a0\u00a0\u00a0\u00a0\u00a0\u00a0\u00a0\u00a0\u00a0\u00a0\u00a0\u00a0\u00a0\u00a0\u00a0\u00a0\u00a0\u00a0\u00a0\u00a0\u00a0\u00a0\u00a0\u00a0\u00a0\u00a0\u00a0\u00a0\u00a0\u00a0\u00a0\u00a0 \u00a0\u00a0\u00a0\u00a0\u00a0\u00a0\u00a0\u00a0\u00a0\u00a0 \u00a0 A HIDRO-LAND Bt. (tov\u00e1bbiakban: T\u00e1rsas\u00e1g) ez\u00faton t\u00e1j\u00e9koztatja az online \u00e1ll\u00e1s- hirdet\u00e9sre jelentkez\u0151ket &hellip;","og_url":"https:\/\/www.hidroland.hu\/?page_id=259","og_site_name":"Hidroland","article_modified_time":"2024-09-12T08:35:48+00:00","twitter_card":"summary_large_image","twitter_misc":{"Becs\u00fclt olvas\u00e1si id\u0151":"2 perc"},"schema":{"@context":"https:\/\/schema.org","@graph":[{"@type":"WebPage","@id":"https:\/\/www.hidroland.hu\/?page_id=259","url":"https:\/\/www.hidroland.hu\/?page_id=259","name":"Adatkezel\u00e9si t\u00e1j\u00e9koztat\u00f3 \u00e1ll\u00e1shirdet\u00e9sre p\u00e1ly\u00e1z\u00f3k sz\u00e1m\u00e1ra - Hidroland","isPartOf":{"@id":"https:\/\/www.hidroland.hu\/#website"},"datePublished":"2024-09-12T08:34:16+00:00","dateModified":"2024-09-12T08:35:48+00:00","breadcrumb":{"@id":"https:\/\/www.hidroland.hu\/?page_id=259#breadcrumb"},"inLanguage":"hu","potentialAction":[{"@type":"ReadAction","target":["https:\/\/www.hidroland.hu\/?page_id=259"]}]},{"@type":"BreadcrumbList","@id":"https:\/\/www.hidroland.hu\/?page_id=259#breadcrumb","itemListElement":[{"@type":"ListItem","position":1,"name":"Home","item":"https:\/\/www.hidroland.hu\/"},{"@type":"ListItem","position":2,"name":"Adatkezel\u00e9si t\u00e1j\u00e9koztat\u00f3 \u00e1ll\u00e1shirdet\u00e9sre p\u00e1ly\u00e1z\u00f3k sz\u00e1m\u00e1ra"}]},{"@type":"WebSite","@id":"https:\/\/www.hidroland.hu\/#website","url":"https:\/\/www.hidroland.hu\/","name":"Hidroland","description":"","publisher":{"@id":"https:\/\/www.hidroland.hu\/#organization"},"potentialAction":[{"@type":"SearchAction","target":{"@type":"EntryPoint","urlTemplate":"https:\/\/www.hidroland.hu\/?s={search_term_string}"},"query-input":{"@type":"PropertyValueSpecification","valueRequired":true,"valueName":"search_term_string"}}],"inLanguage":"hu"},{"@type":"Organization","@id":"https:\/\/www.hidroland.hu\/#organization","name":"Hidroland","url":"https:\/\/www.hidroland.hu\/","logo":{"@type":"ImageObject","inLanguage":"hu","@id":"https:\/\/www.hidroland.hu\/#\/schema\/logo\/image\/","url":"https:\/\/www.hidroland.hu\/wp-content\/uploads\/2023\/12\/logo_video_04_feher.gif","contentUrl":"https:\/\/www.hidroland.hu\/wp-content\/uploads\/2023\/12\/logo_video_04_feher.gif","width":820,"height":360,"caption":"Hidroland"},"image":{"@id":"https:\/\/www.hidroland.hu\/#\/schema\/logo\/image\/"}}]}},"_links":{"self":[{"href":"https:\/\/www.hidroland.hu\/index.php?rest_route=\/wp\/v2\/pages\/259"}],"collection":[{"href":"https:\/\/www.hidroland.hu\/index.php?rest_route=\/wp\/v2\/pages"}],"about":[{"href":"https:\/\/www.hidroland.hu\/index.php?rest_route=\/wp\/v2\/types\/page"}],"author":[{"embeddable":true,"href":"https:\/\/www.hidroland.hu\/index.php?rest_route=\/wp\/v2\/users\/1"}],"replies":[{"embeddable":true,"href":"https:\/\/www.hidroland.hu\/index.php?rest_route=%2Fwp%2Fv2%2Fcomments&post=259"}],"version-history":[{"count":5,"href":"https:\/\/www.hidroland.hu\/index.php?rest_route=\/wp\/v2\/pages\/259\/revisions"}],"predecessor-version":[{"id":265,"href":"https:\/\/www.hidroland.hu\/index.php?rest_route=\/wp\/v2\/pages\/259\/revisions\/265"}],"wp:attachment":[{"href":"https:\/\/www.hidroland.hu\/index.php?rest_route=%2Fwp%2Fv2%2Fmedia&parent=259"}],"curies":[{"name":"wp","href":"https:\/\/api.w.org\/{rel}","templated":true}]}}